{"id":103,"date":"2018-07-02T09:57:09","date_gmt":"2018-07-02T07:57:09","guid":{"rendered":"http:\/\/www.club-pinkygirls.de\/?page_id=103"},"modified":"2025-01-14T14:45:22","modified_gmt":"2025-01-14T13:45:22","slug":"home","status":"publish","type":"page","link":"https:\/\/pinky-lounge.de\/","title":{"rendered":"Home"},"content":{"rendered":"<p style=\"text-align: left;\"><img loading=\"lazy\" decoding=\"async\" class=\"wp-image-273 alignnone\" src=\"http:\/\/www.pinky-lounge.de\/wp-content\/uploads\/2018\/07\/NURLOGO-2.png\" alt=\"\" width=\"331\" height=\"214\" srcset=\"https:\/\/pinky-lounge.de\/wp-content\/uploads\/2018\/07\/NURLOGO-2.png 1212w, https:\/\/pinky-lounge.de\/wp-content\/uploads\/2018\/07\/NURLOGO-2-300x194.png 300w, https:\/\/pinky-lounge.de\/wp-content\/uploads\/2018\/07\/NURLOGO-2-768x496.png 768w, https:\/\/pinky-lounge.de\/wp-content\/uploads\/2018\/07\/NURLOGO-2-1024x662.png 1024w, https:\/\/pinky-lounge.de\/wp-content\/uploads\/2018\/07\/NURLOGO-2-500x323.png 500w\" sizes=\"auto, (max-width: 331px) 100vw, 331px\" \/><img loading=\"lazy\" decoding=\"async\" class=\"wp-image-271\" src=\"http:\/\/www.pinky-lounge.de\/wp-content\/uploads\/2019\/10\/pinky-lounge-willkommen-300x159.png\" alt=\"\" width=\"403\" height=\"214\" \/><\/p>\n<p>&nbsp;<\/p>\n<p>&nbsp;<\/p>\n<h1 style=\"text-align: center;\"><strong style=\"color: #f2057c; font-size: 2.2em;\">\u00a0<\/strong><\/h1>\n<h1 style=\"text-align: center;\"><strong style=\"color: #800080; font-size: 1.875em;\">Wir sind und bleiben preislich<\/strong><\/h1>\n<h2 style=\"text-align: center;\"><strong style=\"color: #800080; font-size: 1.875em;\">loyal zu unseren G\u00e4sten!<\/strong><\/h2>\n<p>Bei uns k\u00f6nnen sie auch separat<\/p>\n<h2 style=\"text-align: center;\"><strong style=\"color: #800080; font-size: 1.875em;\">und anonym von der gew\u00e4hlten <\/strong><\/h2>\n<h2 style=\"text-align: center;\"><strong style=\"color: #800080; font-size: 1.875em;\">Dame empfangen werden und ohne <\/strong><\/h2>\n<h2 style=\"text-align: center;\"><strong style=\"color: #800080; font-size: 1.875em;\">Begegnung Dritter ins Zimmer <\/strong><\/h2>\n<h2 style=\"text-align: center;\"><strong style=\"color: #800080; font-size: 1.875em;\">gef\u00fchrt werden.<\/strong><\/h2>\n<p>Nach vorheriger Absprache<\/p>\n<p>k\u00f6nnen wir Ihnen diesen Service<\/p>\n<p>bieten!<\/p>\n<h1 style=\"text-align: center;\"><\/h1>\n<p>&nbsp;<\/p>\n<p>&nbsp;<\/p>\n<p style=\"text-align: center;\">Wir haben das Konzept des Hauses \u00fcberarbeitet und freuen uns auf eure Besuche. Im Haus Gartenstra\u00dfe 14\u00a0 kannst Du alle M\u00e4dels anschauen und passende auszuw\u00e4hlen.<\/p>\n<p style=\"text-align: center;\">Alle M\u00e4dels konzentrieren sich auf Service, das von dem Haus angeboten wird und\u00a0 bieten &#8220;Extras&#8221; zu fairen Preisen. Auch Loyalit\u00e4t zu Kunden ist unsere Einstellung f\u00fcr Job.<\/p>\n<p style=\"text-align: center;\">Schlie\u00dflich bist Du\u00a0 bei uns zum erholen, Alltagsprobleme zu vergessen und mit gute und positive Laune mit uns sich zu verabschieden.<\/p>\n<p style=\"text-align: center;\">Jeder Gast wird wie ein guter Bekannter behandelt, bekommt von unsere nette Hausdame bestm\u00f6gliche Empfehlung: welches M\u00e4dchen vom Service passt ihm am besten.<\/p>\n<p class=\"p1\" style=\"text-align: center;\"><span class=\"s2\">Wir besprechen telefonisch alle Anforderungen und gehen gerne auf Extraw\u00fcnsche ein.<\/span><\/p>\n<p>&nbsp;<\/p>\n<hr \/>\n<p>&nbsp;<\/p>\n<p style=\"text-align: center;\"><iframe loading=\"lazy\" style=\"border: 0;\" src=\"https:\/\/www.google.com\/maps\/embed?pb=!1m18!1m12!1m3!1d2461.5143911121813!2d8.388439416065076!3d51.9063255797027!2m3!1f0!2f0!3f0!3m2!1i1024!2i768!4f13.1!3m3!1m2!1s0x47ba259a6fb0aee9%3A0x774bb88a9673869b!2sGartenstra%C3%9Fe+14%2C+33332+G%C3%BCtersloh!5e0!3m2!1sde!2sde!4v1548183298300\" width=\"800\" height=\"600\" frameborder=\"0\" allowfullscreen=\"allowfullscreen\"><\/iframe><\/p>\n","protected":false},"excerpt":{"rendered":"<p>&nbsp; &nbsp; \u00a0 Wir sind und bleiben preislich loyal zu unseren G\u00e4sten! Bei uns k\u00f6nnen sie auch separat und anonym von der gew\u00e4hlten Dame empfangen werden und ohne Begegnung Dritter ins Zimmer gef\u00fchrt werden. Nach vorheriger Absprache k\u00f6nnen wir Ihnen diesen Service bieten! &nbsp; &nbsp; Wir haben das Konzept des Hauses \u00fcberarbeitet und freuen uns [&hellip;]<\/p>\n","protected":false},"author":1,"featured_media":0,"parent":0,"menu_order":0,"comment_status":"closed","ping_status":"closed","template":"","meta":{"footnotes":""},"class_list":["post-103","page","type-page","status-publish","hentry"],"yoast_head":"<!-- This site is optimized with the Yoast SEO plugin v27.3 - https:\/\/yoast.com\/product\/yoast-seo-wordpress\/ -->\n<title>Home - Pinky Lounge<\/title>\n<meta name=\"description\" content=\"Bordell, Sex-Service, Escort, Puff, Nutten, Huren, Prosituierte,\" \/>\n<meta name=\"robots\" content=\"index, follow, max-snippet:-1, max-image-preview:large, max-video-preview:-1\" \/>\n<link rel=\"canonical\" href=\"https:\/\/pinky-lounge.de\/\" \/>\n<meta property=\"og:locale\" content=\"de_DE\" \/>\n<meta property=\"og:type\" content=\"article\" \/>\n<meta property=\"og:title\" content=\"Home - Pinky Lounge\" \/>\n<meta property=\"og:description\" content=\"Bordell, Sex-Service, Escort, Puff, Nutten, Huren, Prosituierte,\" \/>\n<meta property=\"og:url\" content=\"https:\/\/pinky-lounge.de\/\" \/>\n<meta property=\"og:site_name\" content=\"Pinky Lounge\" \/>\n<meta property=\"article:modified_time\" content=\"2025-01-14T13:45:22+00:00\" \/>\n<meta property=\"og:image\" content=\"https:\/\/pinky-lounge.de\/wp-content\/uploads\/2018\/07\/NURLOGO-2.png\" \/>\n\t<meta property=\"og:image:width\" content=\"1212\" \/>\n\t<meta property=\"og:image:height\" content=\"783\" \/>\n\t<meta property=\"og:image:type\" content=\"image\/png\" \/>\n<meta name=\"twitter:card\" content=\"summary_large_image\" \/>\n<meta name=\"twitter:label1\" content=\"Gesch\u00e4tzte Lesezeit\" \/>\n\t<meta name=\"twitter:data1\" content=\"2\u00a0Minuten\" \/>\n<script type=\"application\/ld+json\" class=\"yoast-schema-graph\">{\"@context\":\"https:\\\/\\\/schema.org\",\"@graph\":[{\"@type\":\"WebPage\",\"@id\":\"https:\\\/\\\/pinky-lounge.de\\\/\",\"url\":\"https:\\\/\\\/pinky-lounge.de\\\/\",\"name\":\"Home - Pinky Lounge\",\"isPartOf\":{\"@id\":\"https:\\\/\\\/pinky-lounge.de\\\/#website\"},\"primaryImageOfPage\":{\"@id\":\"https:\\\/\\\/pinky-lounge.de\\\/#primaryimage\"},\"image\":{\"@id\":\"https:\\\/\\\/pinky-lounge.de\\\/#primaryimage\"},\"thumbnailUrl\":\"http:\\\/\\\/www.pinky-lounge.de\\\/wp-content\\\/uploads\\\/2018\\\/07\\\/NURLOGO-2.png\",\"datePublished\":\"2018-07-02T07:57:09+00:00\",\"dateModified\":\"2025-01-14T13:45:22+00:00\",\"description\":\"Bordell, Sex-Service, Escort, Puff, Nutten, Huren, Prosituierte,\",\"breadcrumb\":{\"@id\":\"https:\\\/\\\/pinky-lounge.de\\\/#breadcrumb\"},\"inLanguage\":\"de\",\"potentialAction\":[{\"@type\":\"ReadAction\",\"target\":[\"https:\\\/\\\/pinky-lounge.de\\\/\"]}]},{\"@type\":\"ImageObject\",\"inLanguage\":\"de\",\"@id\":\"https:\\\/\\\/pinky-lounge.de\\\/#primaryimage\",\"url\":\"http:\\\/\\\/www.pinky-lounge.de\\\/wp-content\\\/uploads\\\/2018\\\/07\\\/NURLOGO-2.png\",\"contentUrl\":\"http:\\\/\\\/www.pinky-lounge.de\\\/wp-content\\\/uploads\\\/2018\\\/07\\\/NURLOGO-2.png\"},{\"@type\":\"BreadcrumbList\",\"@id\":\"https:\\\/\\\/pinky-lounge.de\\\/#breadcrumb\",\"itemListElement\":[{\"@type\":\"ListItem\",\"position\":1,\"name\":\"Startseite\",\"item\":\"https:\\\/\\\/pinky-lounge.de\\\/\"},{\"@type\":\"ListItem\",\"position\":2,\"name\":\"Home\"}]},{\"@type\":\"WebSite\",\"@id\":\"https:\\\/\\\/pinky-lounge.de\\\/#website\",\"url\":\"https:\\\/\\\/pinky-lounge.de\\\/\",\"name\":\"Pinky Lounge\",\"description\":\"\",\"potentialAction\":[{\"@type\":\"SearchAction\",\"target\":{\"@type\":\"EntryPoint\",\"urlTemplate\":\"https:\\\/\\\/pinky-lounge.de\\\/?s={search_term_string}\"},\"query-input\":{\"@type\":\"PropertyValueSpecification\",\"valueRequired\":true,\"valueName\":\"search_term_string\"}}],\"inLanguage\":\"de\"}]}<\/script>\n<!-- \/ Yoast SEO plugin. -->","yoast_head_json":{"title":"Home - Pinky Lounge","description":"Bordell, Sex-Service, Escort, Puff, Nutten, Huren, Prosituierte,","robots":{"index":"index","follow":"follow","max-snippet":"max-snippet:-1","max-image-preview":"max-image-preview:large","max-video-preview":"max-video-preview:-1"},"canonical":"https:\/\/pinky-lounge.de\/","og_locale":"de_DE","og_type":"article","og_title":"Home - Pinky Lounge","og_description":"Bordell, Sex-Service, Escort, Puff, Nutten, Huren, Prosituierte,","og_url":"https:\/\/pinky-lounge.de\/","og_site_name":"Pinky Lounge","article_modified_time":"2025-01-14T13:45:22+00:00","og_image":[{"width":1212,"height":783,"url":"https:\/\/pinky-lounge.de\/wp-content\/uploads\/2018\/07\/NURLOGO-2.png","type":"image\/png"}],"twitter_card":"summary_large_image","twitter_misc":{"Gesch\u00e4tzte Lesezeit":"2\u00a0Minuten"},"schema":{"@context":"https:\/\/schema.org","@graph":[{"@type":"WebPage","@id":"https:\/\/pinky-lounge.de\/","url":"https:\/\/pinky-lounge.de\/","name":"Home - Pinky Lounge","isPartOf":{"@id":"https:\/\/pinky-lounge.de\/#website"},"primaryImageOfPage":{"@id":"https:\/\/pinky-lounge.de\/#primaryimage"},"image":{"@id":"https:\/\/pinky-lounge.de\/#primaryimage"},"thumbnailUrl":"http:\/\/www.pinky-lounge.de\/wp-content\/uploads\/2018\/07\/NURLOGO-2.png","datePublished":"2018-07-02T07:57:09+00:00","dateModified":"2025-01-14T13:45:22+00:00","description":"Bordell, Sex-Service, Escort, Puff, Nutten, Huren, Prosituierte,","breadcrumb":{"@id":"https:\/\/pinky-lounge.de\/#breadcrumb"},"inLanguage":"de","potentialAction":[{"@type":"ReadAction","target":["https:\/\/pinky-lounge.de\/"]}]},{"@type":"ImageObject","inLanguage":"de","@id":"https:\/\/pinky-lounge.de\/#primaryimage","url":"http:\/\/www.pinky-lounge.de\/wp-content\/uploads\/2018\/07\/NURLOGO-2.png","contentUrl":"http:\/\/www.pinky-lounge.de\/wp-content\/uploads\/2018\/07\/NURLOGO-2.png"},{"@type":"BreadcrumbList","@id":"https:\/\/pinky-lounge.de\/#breadcrumb","itemListElement":[{"@type":"ListItem","position":1,"name":"Startseite","item":"https:\/\/pinky-lounge.de\/"},{"@type":"ListItem","position":2,"name":"Home"}]},{"@type":"WebSite","@id":"https:\/\/pinky-lounge.de\/#website","url":"https:\/\/pinky-lounge.de\/","name":"Pinky Lounge","description":"","potentialAction":[{"@type":"SearchAction","target":{"@type":"EntryPoint","urlTemplate":"https:\/\/pinky-lounge.de\/?s={search_term_string}"},"query-input":{"@type":"PropertyValueSpecification","valueRequired":true,"valueName":"search_term_string"}}],"inLanguage":"de"}]}},"_links":{"self":[{"href":"https:\/\/pinky-lounge.de\/index.php?rest_route=\/wp\/v2\/pages\/103","targetHints":{"allow":["GET"]}}],"collection":[{"href":"https:\/\/pinky-lounge.de\/index.php?rest_route=\/wp\/v2\/pages"}],"about":[{"href":"https:\/\/pinky-lounge.de\/index.php?rest_route=\/wp\/v2\/types\/page"}],"author":[{"embeddable":true,"href":"https:\/\/pinky-lounge.de\/index.php?rest_route=\/wp\/v2\/users\/1"}],"replies":[{"embeddable":true,"href":"https:\/\/pinky-lounge.de\/index.php?rest_route=%2Fwp%2Fv2%2Fcomments&post=103"}],"version-history":[{"count":66,"href":"https:\/\/pinky-lounge.de\/index.php?rest_route=\/wp\/v2\/pages\/103\/revisions"}],"predecessor-version":[{"id":8247,"href":"https:\/\/pinky-lounge.de\/index.php?rest_route=\/wp\/v2\/pages\/103\/revisions\/8247"}],"wp:attachment":[{"href":"https:\/\/pinky-lounge.de\/index.php?rest_route=%2Fwp%2Fv2%2Fmedia&parent=103"}],"curies":[{"name":"wp","href":"https:\/\/api.w.org\/{rel}","templated":true}]}}